 of 87451074?
5
What is the ten millions digit of 821892908?
2
What is the units digit of 18685348?
8
What is the units digit of 62294995?
5
What is the tens digit of 1328092?
9
What is the ten thousands digit of 94015112?
1
What is the hundred millions digit of 2628725899?
6
What is the tens digit of 61112626?
2
What is the tens digit of 288857129?
2
What is the ten millions digit of 279655575?
7
What is the ten thousands digit of 3632481130?
8
What is the units digit of 39072896?
6
What is the billions digit of 1144889303?
1
What is the tens digit of 118545039?
3
What is the units digit of 300865964?
4
What is the hundred thousands digit of 42936172?
9
What is the units digit of 1234999638?
8
What is the ten millions digit of 3403338051?
0
What is the ten millions digit of 493626227?
9
What is the hundreds digit of 77010090?
0
What is the units digit of 316961518?
8
What is the tens digit of 400057193?
9
What is the tens digit of 21680238?
3
What is the tens digit of 111797911?
1
What is the ten thousands digit of 434761739?
6
What is the thousands digit of 771364730?
4
What is the thousands digit of 1638724111?
4
What is the hundred thousands digit of 645457810?
4
What is the millions digit of 28091835?
8
What is the units digit of 764882963?
3
What is the hundred thousands digit of 609388032?
3
What is the ten millions digit of 53527637?
5
What is the hundreds digit of 468501039?
0
What is the tens digit of 4692822?
2
What is the units digit of 65250655?
5
What is the tens digit of 105132481?
8
What is the hundred millions digit of 1797755884?
7
What is the hundred millions digit of 3949805004?
9
What is the hundreds digit of 6142861?
8
What is the billions digit of 1627965831?
1
What is the ten thousands digit of 74125726?
2
What is the hundred thousands digit of 42621980?
6
What is the hundred millions digit of 122661450?
1
What is the thousands digit of 1484436300?
6
What is the millions digit of 32047651?
2
What is the hundred millions digit of 200537967?
2
What is the thousands digit of 983660274?
0
What is the hundred thousands digit of 18016605?
0
What is the ten millions digit of 52092124?
5
What is the billions digit of 2842328025?
2
What is the hundreds digit of 84344978?
9
What is the thousands digit of 87676400?
6
What is the hundred thousands digit of 400703476?
7
What is the hundreds digit of 469898943?
9
What is the hundred millions digit of 3550310979?
5
What is the hundreds digit of 18527181?
1
What is the thousands digit of 1974288755?
8
What is the ten thousands digit of 134792976?
9
What is the hundred millions digit of 8456230391?
4
What is the ten thousands digit of 79983992?
8
What is the millions digit of 2230083771?
0
What is the ten thousands digit of 72223867?
2
What is the ten thousands digit of 31542332?
4
What is the thousands digit of 2330730214?
0
What is the hundred thousands digit of 19199971?
1
What is the ten thousands digit of 245519012?
1
What is the units digit of 19939233?
3
What is the tens digit of 4531836?
3
What is the millions digit of 96418852?
6
What is the hundred thousands digit of 12212956?
2
What is the ten thousands digit of 57663881?
6
What is the hundred millions digit of 1263993637?
2
What is the tens digit of 692694373?
7
What is the thousands digit of 76367959?
7
What is the thousands digit of 21690447?
0
What is the tens digit of 18618418?
1
What is the thousands digit of 343113012?
3
What is the ten millions digit of 1245633244?
4
What is the hundred millions digit of 3656946205?
6
What is the ten thousands digit of 147810600?
1
What is the hundreds digit of 14739559?
5
What is the ten millions digit of 59534836?
5
What is the ten millions digit of 3271135549?
7
What is the hundreds digit of 851523946?
9
What is the ten millions digit of 135038601?
3
What is the tens digit of 3753844835?
3
What is the ten thousands digit of 386794650?
9
What is the ten thousands digit of 196623946?
2
What is the hundreds digit of 222869935?
9
What is the thousands digit of 245771801?
1
What is the ten thousands digit of 3820534022?
3
What is the hundred thousands digit of 26515179?
5
What is the hundred millions digit of 207972781?
2
What is the millions digit of 862873530?
2
What is the units digit of 24066675?
5
What is the hundred millions digit of 882742736?
8
What is the millions digit of 40081853?
0
What is the ten millions digit of 600077500?
0
What is the hundred millions digit of 2051511605?
0
What is the ten millions digit of 11650086?
1
What is the tens digit of 73770840?
4
What is the hundreds digit of 424257415?
4
What is the units digit of 47285013?
3
What is the units digit of 155421280?
0
What is the ten millions digit of 982022649?
8
What is the ten thousands digit of 111918075?
1
What is the hundred thousands digit of 94910747?
9
What is the billions digit of 2480303206?
2
What is the hundreds digit of 136428411?
4
What is the ten thousands digit of 64690060?
9
What is the millions digit of 509330852?
9
What is the ten thousands digit of 58240116?
4
What is the thousands digit of 88895731?
5
What is the billions digit of 2181728649?
2
What is the hundreds digit of 30578947?
9
What is the hundreds digit of 1451405633?
6
What is the thousands digit of 46721377?
1
What is the millions digit of 151476974?
1
What is the thousands digit of 145773171?
3
What is the hundred thousands digit of 1727890388?
8
What is the hundreds digit of 1014712124?
1
What is the ten thousands digit of 22546772?
4
What is the hundreds digit of 16740783?
7
What is the thousands digit of 67481739?
1
What is the millions digit of 550090961?
0
What is the thousands digit of 35599244?
9
What is the units digit of 194422405?
5
What is the units digit of 304919572?
2
What is the hundred thousands digit of 407109553?
1
What is the ten thousands digit of 37768528?
6
What is the hundred thousands digit of 1115275201?
2
What is the units digit of 233382695?
5
What is the thousands digit of 50348807?
8
What is the tens digit of 3728984749?
4
What is the ten thousands digit of 126284368?
8
What is the hundreds digit of 2600658853?
8
What is the ten thousands digit of 4233979370?
7
What is the ten thousands digit of 5047903538?
0
What is the hundred thousands digit of 36503351?
5
What is the hundred thousands digit of 347746993?
7
What is the tens digit of 22562498?
9
What is the ten thousands digit of 13377487?
7
What is the units digit of 378086279?
9
What is the billions digit of 1852049539?
1
What is the ten millions digit of 41805848?
4
What is the millions digit of 432126210?
2
What is the millions digit of 199275119?
9
What is the hundred millions digit of 223047750?
2
What is the hundreds digit of 4710354520?
5
What is the millions digit of 461195610?
1
What is the ten millions digit of 652677066?
5
What is the hundred thousands digit of 1152887882?
8
What is the hundred thousands digit of 79180859?
1
What is the tens digit of 430897538?
3
What is the hundred thousands digit of 62631119?
6
What is the hundreds digit of 520997911?
9
What is the hundreds digit of 243821962?
9
What is the ten millions digit of 60128406?
6
What is the hundreds digit of 35551067?
0
What is the billions digit of 2560738849?
2
What is the hundred millions digit of 860721190?
8
What is the ten millions digit of 826155995?
2
What is the ten thousands digit of 70651621?
5
What is the ten millions digit of 1841803280?
4
What is the hundred millions digit of 385964915?
3
What is the hundred thousands digit of 655846565?
8
What is the thousands digit of 94028493?
8
What is the thousands digit of 605560141?
0
What is the hundred thousands digit of 33418731?
4
What is the tens digit of 1981350130?
3
What is the hundreds digit of 125698795?
7
What is the hundred thousands digit of 711616635?
6
What is the units digit of 33107603?
3
What is the millions digit of 89884757?
9
What is the hundreds digit of 94367786?
7
What is the millions digit of 92600378?
2
What is the hundred millions digit of 5473175564?
4
What is the thousands digit of 214219515?
9
What is the tens digit of 46145297?
9
What is the hundred thousands digit of 93093599?
0
What is the ten millions digit of 104090834?
0
What is the thousands digit of 22461722?
1
What is the hun